38461429?
True
Is 42678925 a multiple of 425?
True
Does 14 divide 37612596?
True
Is 29 a factor of 2891017100?
False
Does 339 divide 58375643?
False
Is 116847326 a multiple of 2306?
True
Is 3208583509 a multiple of 998?
False
Is 42 a factor of 129695401?
False
Is 1093434183 a multiple of 271?
False
Is 4 a factor of 53503731?
False
Is 589 a factor of 362721211?
False
Is 75 a factor of 3835976400?
True
Is 220 a factor of 179389320?
True
Does 15 divide 1084310460?
True
Is 268174816 a multiple of 2489?
True
Is 18 a factor of 625901068?
False
Does 2552 divide 32897832?
True
Does 39 divide 5764821?
False
Is 279 a factor of 1441294749?
True
Is 312885951 a multiple of 69?
True
Does 1210 divide 66543529?
False
Is 283160520 a multiple of 321?
True
Is 469428800 a multiple of 13?
False
Is 22 a factor of 1597888556?
True
Does 242 divide 124547720?
True
Does 54 divide 66728880?
True
Does 31 divide 233173010?
True
Does 547 divide 8384963?
True
Does 219 divide 14094723?
False
Is 223401360 a multiple of 112?
True
Is 3991331 a multiple of 34?
False
Is 293 a factor of 3400150?
False
Is 392822106 a multiple of 325?
False
Does 61 divide 1986105?
False
Is 73 a factor of 31894964?
False
Is 1386112104 a multiple of 936?
True
Does 9 divide 19925570?
False
Is 7433892 a multiple of 18?
True
Does 827 divide 1185437513?
True
Is 12 a factor of 15679432?
False
Is 11 a factor of 644568089?
True
Is 141 a factor of 17822964?
True
Is 1110550423 a multiple of 9?
False
Is 16368972 a multiple of 482?
False
Is 484 a factor of 185211098?
False
Is 21 a factor of 664193393?
False
Is 183157158 a multiple of 5298?
True
Is 81 a factor of 13464425?
False
Does 160 divide 18422140?
False
Is 59652555 a multiple of 3?
True
Is 1500208354 a multiple of 106?
True
Is 513357942 a multiple of 87?
True
Is 14 a factor of 120547224?
True
Is 1287 a factor of 505541046?
False
Does 10 divide 132946670?
True
Is 2 a factor of 359103628?
True
Is 317 a factor of 26679380?
False
Is 7499 a factor of 314733030?
True
Does 306 divide 48761100?
True
Does 90 divide 2896747650?
True
Is 9 a factor of 12338365?
False
Does 9 divide 3133567493?
False
Is 12 a factor of 1958041212?
True
Is 5 a factor of 26909710?
True
Does 56 divide 218797815?
False
Is 8 a factor of 233718654?
False
Does 1364 divide 143689345?
False
Is 56936585 a multiple of 414?
False
Is 1798844 a multiple of 76?
True
Does 524 divide 134358840?
True
Is 1384 a factor of 116069928?
False
Is 4 a factor of 2797911?
False
Does 451 divide 209587818?
True
Is 78662090 a multiple of 19?
True
Does 169 divide 413455120?
True
Is 441662528 a multiple of 64?
True
Does 144 divide 271530959?
False
Is 169 a factor of 336272265?
False
Does 856 divide 1432066462?
False
Is 969 a factor of 821179646?
False
Is 10198820 a multiple of 10?
True
Does 19 divide 449646832?
False
Is 2976 a factor of 387647808?
True
Does 332 divide 498840956?
True
Does 1723 divide 261584137?
True
Is 3272 a factor of 631397566?
False
Is 2171 a factor of 24195795?
True
Is 2840 a factor of 502149015?
False
Does 1015 divide 8306760?
True
Does 6 divide 56297352?
True
Is 48690130 a multiple of 290?
True
Is 888 a factor of 609836664?
True
Does 110 divide 59583810?
True
Does 43 divide 1242384609?
False
Does 81 divide 1644705617?
False
Does 444 divide 30202212?
True
Is 90315500 a multiple of 1375?
True
Does 3552 divide 106879680?
True
Is 1708999902 a multiple of 247?
False
Is 12 a factor of 5269857?
False
Is 1764988623 a multiple of 57?
False
Does 124 divide 259553204?
True
Does 53 divide 826217?
True
Is 23802713 a multiple of 23?
False
Is 1799 a factor of 81390358?
True
Is 66 a factor of 21505213?
False
Does 661 divide 53595863?
True
Is 83 a factor of 359430504?
True
Is 1904370701 a multiple of 640?
False
Does 265 divide 297300850?
True
Is 1829196 a multiple of 108?
True
Does 1414 divide 1136573200?
True
Is 6632430 a multiple of 42?
True
Is 57 a factor of 3516048819?
True
Is 254656991 a multiple of 27?
False
Is 21025577 a multiple of 1472?
False
Does 6 divide 1066118836?
False
Is 203 a factor of 111327636?
True
Is 433 a factor of 4473323?
True
Is 2580 a factor of 324788821?
False
Does 1286 divide 921933400?
True
Is 873189946 a multiple of 743?
True
Is 112079880 a multiple of 3410?
True
Is 157 a factor of 187513740?
False
Does 737 divide 396615076?
True
Is 13 a factor of 7986932?
False
Does 14 divide 92114428?
True
Is 71038962 a multiple of 196?
False
Is 332679366 a multiple of 4041?
True
Does 5594 divide 1933901044?
False
Is 923206905 a multiple of 2?
False
Is 49577088 a multiple of 363?
True
Is 24 a factor of 53150424?
True
Does 2359 divide 198743545?
False
Is 29 a factor of 339330055?
False
Is 387 a factor of 23535010?
False
Is 3849271550 a multiple of 31?
True
Does 75 divide 3740915250?
True
Does 10 divide 19590510?
True
Does 1124 divide 1947275642?
False
Does 104 divide 343407272?
True
Is 415435329 a multiple of 41?
True
Does 170 divide 21389910?
True
Is 5638018 a multiple of 12?
False
Is 6056 a factor of 710475895?
False
Does 37 divide 64544428?
True
Is 30599623 a multiple of 552?
False
Is 97616928 a multiple of 8?
True
Is 9126 a factor of 782123687?
False
Is 147086632 a multiple of 2156?
True
Is 570024 a multiple of 1404?
True
Does 1657 divide 94324066?
False
Is 37744491 a multiple of 2?
False
Is 221 a factor of 345377054?
False
Does 11 divide 1813294912?
True
Is 3 a factor of 18142711?
False
Is 412279322 a multiple of 223?
False
Does 371 divide 286759352?
False
Is 39689262 a multiple of 954?
True
Is 1657078684 a multiple of 14?
False
Is 8 a factor of 51343376?
True
Is 8414024 a multiple of 2?
True
Is 19 a factor of 4560361?
True
Is 31 a factor of 222485049?
False
Is 36113686 a multiple of 15?
False
Does 351 divide 826695415?
False
Is 67 a factor of 54940067?
True
Does 8044 divide 898134527?
False
Does 46 divide 159623245?
False
Is 145 a factor of 3802366399?
False
Is 14 a factor of 2286157954?
False
Is 498534972 a multiple of 338?
False
Is 40087432 a multiple of 3304?
True
Is 34 a factor of 17373150?
True
Does 121 divide 5498870392?
False
Does 1091 divide 7183238?
False
Does 620 divide 58642080?
True
Does 11 divide 129536422?
False
Is 37298111 a multiple of 88?
False
Does 900 divide 23321044?
False
Is 27 a factor of 342920601?
True
Is 10 a factor of 64428380?
True
Does 292 divide 7474324?
True
Does 213 divide 38130621?
True
Is 72 a factor of 28037376?
True
Is 20 a factor of 164605521?
False
Is 473039650 a multiple of 50?
True
Is 279426600 a multiple of 1515?
True
Does 235 divide 164130110?
True
Is 223422556 a multiple of 707?
False
Does 355 divide 433371220?
True
Does 18 divide 1199162286?
True
Is 85 a factor of 140306440?
True
Is 3 a factor of 2152446?
True
Is 1194 a factor of 1195423483?
False
Is 3426384 a multiple of 1938?
True
Does 5 divide 39222823?
False
Is 60481376 a multiple of 50?
False
Is 92 a factor of 138764298?
False
Is 7 a factor of 1049304291?
True
Is 129 a factor of 691341315?
True
Does 164 divide 393187119?
False
Is 199 a factor of 146593620?
False
Is 439678 a multiple of 2?
True
Does 9 divide 482059129?
False
Does 2753 divide 19550819?
False
Is 1371946240 a multiple of 280?
True
Is 47 a factor of 1341755191?
False
Is 10 a factor of 155401252?
False
Is 12 a factor of 241412916?
True
Does 3747 divide 1617905889?
True
Is 1656367 a multiple of 1467?
False
Is 1118416073 a multiple of 1678?
False
Is 23 a factor of 945216?
False
Is 6 a factor of 2636549?
False
Is 821211839 a multiple of 151?
True
Does 9255 divide 3130836930?
True
Is 3706690 a multiple of 17?
False
Does 122 divide 25111870?
True
Does 5 divide 206084960?
True
Is 81 a factor of 8554192?
False
Does 3584 divide 11147323?
False
Does 18 divide 462300219?
False
Does 42 divide 9179341?
False
Does 12 divide 65986332?
True
Is 40286068 a multiple of 2254?
False
Does 106 divide 31445238?
False
Is 3853467 a multiple of 177?
True
Does 457 divide 343219568?
False
Is 27389127 a multiple of 12?
False
Is 5506570026 a multiple of 100?
False
Is 86001608 a multiple of 1192?
True
Does 117 divide 62862114?
False
Is 185510689 a multiple of 17?
False
Is 18 a factor of 11760858?
True
Is 4205 a factor of 306423506?
False
Is 7 a factor of 501748191?
True
Is 3231 a factor of 643092820?
False
Is 96 a factor of 41079744?
True
Does 94 divide 702239021